git of q?
1
What is the units digit of ((-512)/384)/((-5114)/5112 + 1)?
8
Let o = 1111 + -690. What is the tens digit of o?
2
Let h = 68 + -46. Let o = 19 - h. What is the tens digit of 44 + o - (1 + 0)?
4
Suppose -6 = -2*d - 2. Suppose 0 = 3*s + 4*c - 1, 5*s + d - 11 = -3*c. Suppose -z - s*z = -4. What is the units digit of z?
1
Let z = -9 - -11. Let m(r) = r + 1. Let s(t) = t**3 + 3*t**2 - 7*t - 2. Let l(j) = z*m(j) - s(j). What is the units digit of l(-6)?
8
Suppose 4*y + 5*k + 534 = 1948, -1051 = -3*y + k. What is the units digit of y?
1
What is the thousands digit of -3*(21771/(-27) + -2)?
2
Suppose 0*s = s - 3*r + 1, -9 = -3*s - 3*r. Let x be (s - 26/10)*-75. Suppose 2*j + x = 5*j. What is the units digit of j?
5
Let s be 2/(-4) - -1 - (-110)/(-44). Let u = -48 - -19. What is the units digit of 1/s*(1 + u)?
4
Suppose 4*d + 226 = 5314. What is the thousands digit of d?
1
Let a(k) = 3*k + 0 - 3*k + k + 8. Let g be a(-10). Let p = 6 - g. What is the units digit of p?
8
Suppose 22*f - 2776 = -3*v + 17*f, 2*v - 1855 = f. What is the units digit of v?
7
Let t(n) be the first derivative of -5*n**4/4 - 5*n**3/3 - 3*n**2/2 - n - 13. Let z be t(-3). Let k = -30 + z. What is the tens digit of k?
6
Suppose -3*p = 5*m + 9, 2*p = m + p - 3. Let k be 17 - (6/(-3) + m). Suppose 0 = -3*l + k + 35. What is the units digit of l?
8
Let m = -49 + 86. Let s = m + 158. What is the units digit of s?
5
Let b be 1232/24*(-3)/(-2). Suppose 0*n + b = n. What is the tens digit of n?
7
Suppose -4*s = 4*h, -3*h = s + 2*h + 4. Let f be 74 + (-9)/3 + s. Suppose 2*q = 2*p + f + 2, 5*q = -3*p + 145. What is the tens digit of q?
3
Suppose -23*w - 26 + 118 = 0. Let r be 25/(1*(-1)/(-2)). Suppose r = -3*n + w*n. What is the units digit of n?
0
Suppose -4*s = 16 - 12. What is the units digit of s/(28/(-40))*35?
0
Let i = -103 + 50. Let p = i - -167. What is the tens digit of p?
1
Let d(n) = -4*n + 0*n + 1 + n**2 + 2*n - 5. Let r be d(-5). Suppose -3*z + k + 0*k + r = 0, 0 = 3*z - 5*k - 35. What is the units digit of z?
0
Let o = 2025 - 900. What is the hundreds digit of o?
1
Let t be 2/3*4 + (-2)/3. Suppose 3*x = -t*y + 131 + 256, 0 = -y - 4*x + 196. What is the tens digit of y?
9
Let k be (-1 + 0)/1*6. Let f = k + 3. What is the units digit of (f/9)/((-2)/174)?
9
Let j = -51 - -51. Suppose j = 6*u - 648 - 144. What is the hundreds digit of u?
1
Let t be -7 + (4 - 2) - -7. Let p = 18 - -11. Suppose t*v - 2*j - j - p = 0, 0 = 5*v + 4*j - 130. What is the units digit of v?
2
Suppose 4*z + 2 = k, -2*z + z = -3. Suppose -k - 1 = -3*h, -2*b - h + 7 = 0. Suppose 4*j - b = 7. What is the units digit of j?
2
Let y = 452 - 288. What is the hundreds digit of y?
1
Suppose 4*i - 80 = -0*i. Suppose 3*y + 14 - 8 = 0. What is the units digit of (30/i)/(y/(-12))?
9
Let c = 179 - -8. Suppose -19 - c = -x. What is the units digit of x?
6
Suppose -101*q = -75*q - 99528. What is the tens digit of q?
2
Let j(k) = 6*k - 5. Let x be j(2). Suppose 0 = 4*i - x*i + 3. What is the units digit of i?
1
Let y = 10 + -3. Let g(x) = x**2 + 5 + 7*x + 15*x + 4 - 24*x. What is the tens digit of g(y)?
4
Suppose 2*y = j - 6 + 3, 0 = 4*j + 5*y - 25. Suppose j*w - 3 = 2*u, u + 4*w - 17 - 1 = 0. What is the units digit of u?
6
Suppose -12*u + 44775 = -10281. What is the thousands digit of u?
4
Suppose 53*f - 56*f + 147 = 0. What is the units digit of f?
9
Let m(p) be the second derivative of -p**3 - p**2 - 11*p. Suppose 3*f - 11 = -2*v, -2*v - 7*f + 2*f = -21. What is the units digit of m(v)?
0
Suppose 48*i - 69*i + 6657 = 0. What is the hundreds digit of i?
3
Let z(x) = 4*x**2. Let p be z(-4). Let r = -1618 - -1620. Suppose -p = -2*d - r*d. What is the units digit of d?
6
Suppose 6 = 17*b - 14*b. Suppose -b*o + 135 + 147 = 0. What is the units digit of o?
1
What is the units digit of 2917/4 + 63/84?
0
Suppose 3*p + 2*p = 20. Suppose -t + 2 + 1 = -3*v, 4 = p*v. Suppose c - t = 10. What is the units digit of c?
6
Let d(i) = -i**3 - 8*i**2 - i - 5. Let w be d(-8). Suppose 748 = -8*g + 25*g. Suppose -w*u + 211 = 5*v + g, -29 = -v - 5*u. What is the units digit of v?
4
Suppose 5*o + w - 448 = 0, 4*o + 18*w - 341 = 23*w. What is the units digit of o?
9
Let j be 1/2 + 551/(-58). Let i = j + 165. What is the hundreds digit of i?
1
What is the hundreds digit of 109 + 2*(-2 + 3)?
1
Let i(s) = -s**2 - 20*s - 20. Let n(u) = u**2 + 15*u + 6. Let a be n(-14). What is the tens digit of i(a)?
7
What is the units digit of 9/21 + 11106/7?
7
Let v(z) = 7*z**2 + 21*z + 32. What is the hundreds digit of v(-13)?
9
Let q be 1 + -2*(-6)/(-4). Let n be 1/(-2)*20/q. Suppose -21 - 64 = -n*i. What is the tens digit of i?
1
What is the units digit of 30/((-45)/48 + 1)?
0
Suppose 13 = -5*k - 32. Let z be (-2708)/(-36) + 2/k. Suppose -7*y + 2*y + z = 0. What is the units digit of y?
5
Let u(n) = 3*n**2 - 9*n + 16. What is the tens digit of u(13)?
0
Suppose -8*m - 2*f - 140 = -3*m, -4*m = 2*f + 110. What is the units digit of (-6 + 1)/((-58)/m - 2)?
5
What is the units digit of 4/(-6)*69339/(-58)?
7
Let m(k) = 9*k - k**3 - 15 - 5*k**2 - 1 + 0*k**3 - 5*k**2. Suppose -55 = 2*v + 3*v. What is the units digit of m(v)?
6
Let r(q) be the first derivative of -q**2/2 + 1. Let p be r(-3). Suppose 28 = p*v - v. What is the tens digit of v?
1
Suppose 0 = -5*k + 4*l + 186 + 119, -4*l = -4*k + 244. Suppose -k = -5*v + 4. What is the units digit of v?
3
What is the hundreds digit of (-3 - (-1732 - 4)) + (-2)/2?
7
Suppose 0 = -4*g + 8, 0*f - 2*f + 3*g - 2 = 0. Let s(m) = -f + 12*m - 3 + 3 + 5*m. What is the units digit of s(2)?
2
What is the units digit of (-1)/12*-8 - 3955/(-3)?
9
What is the units digit of ((-42)/56)/(3/(-8)) + 229?
1
Let g(p) = -p**3 - 3*p**2 + 6*p - 6. Let b be g(-5). Suppose 0*q - b = -7*q. Suppose 3*s + q*s - 115 = -3*w, 4*w + 2*s = 172. What is the units digit of w?
5
Suppose 4*z + 328 = 104. Let w = 81 + z. What is the units digit of w?
5
Let x be (-16)/(-3) - (-2)/(-6). Suppose 0 = 3*j - b + 9, -x = -5*j - 3*b - 2*b. What is the tens digit of ((-42)/35)/(j/20)?
1
Let s(r) = -r**2 - r + 1290. Let j be s(0). Suppose 15*u - j = 5*u. What is the units digit of u?
9
Suppose f + 0*f = 0. Suppose f = 3*s - 4*o - 71, 3*s + 2*s - 129 = -4*o. Suppose 0 = -q + s - 9. What is the units digit of q?
6
Let f(t) = t**3 - 4*t**2 - 5*t + 7. Let p be -3 + 1 - 6*-2. Let m(o) = o**3 - 11*o**2 + 10*o + 5. Let b be m(p). What is the units digit of f(b)?
7
Let g = -1476 - -2172. What is the units digit of g?
6
Let b(s) = -s**3 + 16*s**2 + 19*s + 2. Let y be b(17). Let u = 36 + y. What is the units digit of u?
2
Suppose 4*w - 4 = 0, 4*w - 24094 = -232*d + 227*d. What is the tens digit of d?
1
Let v be ((-790)/20)/(1/2). Let o = -39 - v. Suppose k = -3*n + o, -n = 3*k + 2*n - 96. What is the tens digit of k?
2
Let i be 1/(3 + 49008/(-16338)). What is the tens digit of i/28 - (-5)/(-20)?
9
Let y(p) = 5*p**3 - 13*p**2 - 23*p - 5. Let r(o) = -o**3 - o**2 - 1. Let g(s) = 6*r(s) + y(s). What is the tens digit of g(-18)?
7
Suppose 9558 = 3*k + 4*p, 13*k = 14*k - p - 3179. What is the units digit of k?
2
Let b = 135 + -133. What is the tens digit of 0 - b/(2/(-143))?
4
Suppose 1247 - 255 = 4*w. What is the units digit of w?
8
Let h = -1586 - -2653. What is the thousands digit of h?
1
Suppose 4*x = 9*g - 7*g + 54, 4*x - 51 = g. Suppose 3*v - 432 = -x*o + 10*o, o - 571 = -4*v. What is the units digit of v?
2
Let m = 961 + -459. What is the hundreds digit of m?
5
What is the hundreds digit of 2 + 1752 + -1 - -12?
7
Let z(t) = t**2 + 2. Suppose 2*i - 3*q = -2 - 2, -3*i + 2*q - 6 = 0. Let y be z(i). Suppose 0 = -y*p + 4*p + 104. What is the units digit of p?
2
Suppose 0 = -2*u + 73 + 99. Let h be 2/5*(-1 + u). Suppose -j = -5*w + 12, 3*j - h = -4*w + 25. What is the tens digit of j?
1
Let z(o) = 3*o**2 - 7*o + 7. Let x(q) = 2*q**2 - 4*q + 4. Let t(w) = 5*x(w) - 3*z(w). Let r be 1/(4/2 - 1). What is the units digit of t(r)?
1
Let b be (-3 - -3 - -3) + (4 - 2). Suppose -b*l = -279 - 386. What is the tens digit of l?
3
Suppose -59*r - 1140 = -62*r. Suppose 5*x = -0*x + r. What is the units digit of x?
6
Suppose -5*r - 3*c + 626 = 0, -638 = -5*r + 9*c - 8*c. What is the tens digit of r?
2
Suppose 3*u + u - 16 = -2*o, 2*o = u - 9. What is the units digit of u?
5
Let f = 1